ue
Is 2642299 composite?
True
Is 3911374 prime?
False
Is 10745195 composite?
True
Is 195826405 composite?
True
Is 12379681 a prime number?
False
Is 11304127 a prime number?
False
Is 59688041 prime?
False
Is 35977909 composite?
True
Is 8879021 a composite number?
False
Is 104396581 a composite number?
True
Is 420584721 a composite number?
True
Is 147575419 composite?
True
Is 196363103 a prime number?
False
Is 999769 prime?
True
Is 3262639 composite?
False
Is 11898827 a composite number?
True
Is 256711811 prime?
False
Is 68644831 a composite number?
False
Is 214451 a prime number?
True
Is 16279129 a prime number?
True
Is 1120199 a composite number?
True
Is 36577811 a prime number?
True
Is 6390485 composite?
True
Is 440807 a prime number?
True
Is 76800263 a composite number?
False
Is 228595381 composite?
True
Is 754235581 prime?
False
Is 18297361 a prime number?
False
Is 6517813 a composite number?
True
Is 2344116971 prime?
False
Is 25138963 composite?
False
Is 112908973 a prime number?
True
Is 103772861 prime?
True
Is 14161795 a composite number?
True
Is 3307943 a composite number?
True
Is 167418707 prime?
False
Is 15358529 a composite number?
False
Is 56130671 prime?
False
Is 18737737 a prime number?
True
Is 6766027 prime?
True
Is 1949357 a composite number?
False
Is 4137059 composite?
False
Is 1772623 a prime number?
True
Is 1852511 a composite number?
False
Is 7774801 a composite number?
True
Is 18983607 a prime number?
False
Is 683087 composite?
False
Is 5948209 a prime number?
True
Is 12429583 composite?
False
Is 96496553 a prime number?
True
Is 141448093 composite?
False
Is 1213603 a prime number?
False
Is 39827737 prime?
True
Is 196307 prime?
True
Is 162133313 a prime number?
False
Is 2124191 composite?
False
Is 6522533 prime?
False
Is 1228813 prime?
False
Is 267671 a composite number?
False
Is 388147 a prime number?
False
Is 1324489679 prime?
True
Is 17566679 prime?
False
Is 634787 prime?
False
Is 8336941 composite?
False
Is 1112047 a prime number?
True
Is 35313755 a prime number?
False
Is 44673479 prime?
True
Is 1139587 a prime number?
True
Is 21602599 a prime number?
False
Is 87525505 a composite number?
True
Is 677531 composite?
False
Is 1875649 a composite number?
True
Is 537059 prime?
False
Is 3750551 prime?
False
Is 346882402 composite?
True
Is 3138199 a prime number?
False
Is 9535127 composite?
True
Is 33502921 a prime number?
True
Is 22085705 prime?
False
Is 263489 prime?
True
Is 330659 prime?
False
Is 64368737 prime?
True
Is 334672111 prime?
False
Is 2204701 prime?
True
Is 2234971 prime?
True
Is 201370207 composite?
False
Is 3618133 a composite number?
True
Is 11379169 a prime number?
True
Is 10022363 a prime number?
False
Is 267025237 a composite number?
False
Is 13149623 composite?
False
Is 8198 prime?
False
Is 2769986 prime?
False
Is 31247287 composite?
True
Is 18870179 composite?
False
Is 4883 composite?
True
Is 20032171 prime?
False
Is 27688093 a composite number?
False
Is 19875829 composite?
True
Is 10003618 prime?
False
Is 18365123 a composite number?
True
Is 71213293 a prime number?
False
Is 494873 composite?
False
Is 158436451 a composite number?
True
Is 1827583 a prime number?
True
Is 122694511 prime?
True
Is 243033079 prime?
False
Is 532861 composite?
True
Is 467100211 a composite number?
True
Is 84113027 a composite number?
True
Is 78690587 composite?
False
Is 1465817 a prime number?
False
Is 168803 a prime number?
True
Is 305034929 a prime number?
True
Is 131572205 a composite number?
True
Is 3282613 a composite number?
True
Is 8596741 prime?
True
Is 81281 composite?
False
Is 436840161 composite?
True
Is 501353 a prime number?
False
Is 6131887 a prime number?
True
Is 128460799 a composite number?
True
Is 13708327 a composite number?
True
Is 49697059 prime?
False
Is 25597667 composite?
False
Is 29629879 a composite number?
True
Is 3114931 a composite number?
False
Is 7932587 a prime number?
False
Is 1779047 a prime number?
False
Is 15050143 prime?
False
Is 390777337 a prime number?
False
Is 7173233 composite?
False
Is 262937 composite?
False
Is 1421267 composite?
False
Is 5892611 a prime number?
False
Is 1509533 a prime number?
True
Is 20239729 a composite number?
True
Is 117026267 a composite number?
False
Is 10929749 composite?
False
Is 38434009 a composite number?
True
Is 34837931 a prime number?
True
Is 139439995 composite?
True
Is 5818871 composite?
False
Is 16200627 composite?
True
Is 12218567 prime?
False
Is 11328873 a prime number?
False
Is 3062291 a prime number?
True
Is 551483 a prime number?
True
Is 803789 prime?
False
Is 311719 composite?
True
Is 103673 prime?
False
Is 805615 a composite number?
True
Is 894241591 prime?
True
Is 7072241 a composite number?
True
Is 48714781 composite?
False
Is 19790593 a composite number?
True
Is 385579657 a composite number?
False
Is 478133 composite?
True
Is 52180805 prime?
False
Is 799163 composite?
True
Is 120129433 prime?
False
Is 67965631 composite?
True
Is 1983062 a prime number?
False
Is 47237 a composite number?
False
Is 6185969 prime?
False
Is 340391063 composite?
False
Is 85283171 a composite number?
True
Is 1532659 prime?
True
Is 178458149 prime?
True
Is 6953171 composite?
False
Is 4808347 prime?
False
Is 20131633 a composite number?
True
Is 20718877 composite?
True
Is 196961 prime?
True
Is 14135027 composite?
True
Is 45643099 a composite number?
False
Is 443822851 a composite number?
True
Is 20786629 prime?
False
Is 45278426 a composite number?
True
Is 39877 prime?
True
Is 4855759 prime?
False
Is 11683801 composite?
True
Is 3482231 a prime number?
True
Is 5905463 prime?
True
Is 77140981 composite?
True
Is 1990051 prime?
False
Is 8810147 a prime number?
True
Is 370261 prime?
True
Is 7670749 a prime number?
True
Is 16045691 composite?
False
Is 68915689 composite?
True
Is 62406703 composite?
False
Is 19701193 a composite number?
False
Is 87250909 a prime number?
True
Is 388741 a prime number?
False
Is 32356189 a composite number?
False
Is 18687 a composite number?
True
Is 648891377 composite?
True
Is 18329507 prime?
False
Is 16292609 composite?
False
Is 12048791 a composite number?
True
Is 1486223 a composite number?
False
Is 1429089 prime?
False
Is 43954445 prime?
False
Is 2666177 a prime number?
True
Is 60608263 a composite number?
False
Is 2663327 composite?
True
Is 35508661 prime?
True
Is 8446939 a prime number?
True
Is 39478529 a prime number?
False
Is 22285039 a prime number?
False
Is 22140607 composite?
True
Is 25300679 prime?
True
Is 9220669 a composite number?
False
Is 32373869 prime?
False
Is 3042997 a composite number?
False
Is 129907451 a prime number?
False
Is 518039 composite?
True
Is 221953141 a composite number?
False
Is 3048197 composite?
False
Is 145994217 a composite number?
True
Is 33791813 a prime number?
False
Is 4085033 composite?
False
Is 4792811 composite?
False
Is 1599701 a composite number?
True
Is 3800051 a composite number?
False
Is 415333571 a prime number?
False
Is 15090319 composite?
True
Is 2306737 a composite number?
False
Is 3800887 a composite number?
False
Is 6715799 prime?
False
Is 4217351 prime?
False
Is 4169771 prime?
True
Is 19958231 a prime number?
True
Is 572319221 a composite number?
False
Is 45226 prime?
False
Is 755249 prime?
False
Is 168730889 a composite number?
False
Is 71737 composite?
True
Is 4274911 composite?
False
Is 5402483 composite?
True
Is 14836781 a composite number?
True
Is 66607943 composite?
True
Is 5340911 composite?
True
Is 7717147 a composite number?
False
Is 71767407 a prime number?
False
Is 1391353 prime?
True
Is 1537365611 composite?
False
Is 10584731 a composite number?
True
Is 15515083 a composite number?
False
Is 144419923 composite?
False
Is 7720813 prime?
True
Is 24191553 a composite number?
True
Is 203921 a composite number?
False
Is 30881879 composite?
True
Is 1801457 prime?
False
Is 9957499 a composite number?
True
Is 13391683 prime?
True
Is 6512813 a prime number?
True
Is 69021545 a composite number?
True
Is 26552173 a prime number?
True
Is 749135 prime?
False
Is 30641953 a composite number?
False
Is 92014423 prime?
True
Is 5452009 prime?
True
Is 72829349 composite?
True
Is 908555 a composite number?
True
Is 4623451 composite?
True
Is 1857671 a prime number?
True
Is 7663547 prime?
Fa